 factors of 85036197?
3, 3499, 8101
What are the prime factors of 181127401?
7, 13, 17, 191, 613
List the prime factors of 109815074.
2, 3191, 17207
What are the prime factors of 11096568?
2, 3, 7, 41, 179
What are the prime factors of 336827622?
2, 3, 127, 442031
List the prime factors of 465160062.
2, 3, 77526677
What are the prime factors of 3230724970?
2, 5, 11, 41, 269, 2663
What are the prime factors of 389569558?
2, 7, 47, 181, 3271
List the prime factors of 1998643544.
2, 431, 579653
List the prime factors of 436480449.
3, 151, 751, 1283
What are the prime factors of 662683164?
2, 3, 11, 13, 41, 9419
List the prime factors of 82608743.
7, 1217, 9697
What are the prime factors of 112225794?
2, 3, 83, 225353
List the prime factors of 2906247700.
2, 5, 29062477
List the prime factors of 6544448739.
3, 727160971
What are the prime factors of 17006520?
2, 3, 5, 19, 7459
What are the prime factors of 70596243?
3, 7844027
What are the prime factors of 69508898?
2, 23, 43, 35141
List the prime factors of 459263372.
2, 29, 136523
List the prime factors of 1106835340.
2, 5, 13, 1601, 2659
What are the prime factors of 851694398?
2, 425847199
List the prime factors of 342620885.
5, 53, 499, 2591
What are the prime factors of 1533475247?
1533475247
List the prime factors of 1688875929.
3, 13, 29, 409, 1217
What are the prime factors of 1850880745?
5, 7, 52882307
List the prime factors of 178651514.
2, 41, 2178677
What are the prime factors of 215896351?
11, 19626941
List the prime factors of 1337027450.
2, 5, 11, 983, 2473
List the prime factors of 158470275.
3, 5, 2112937
What are the prime factors of 222108883?
29, 7658927
List the prime factors of 2676492948.
2, 3, 223041079
What are the prime factors of 508302428?
2, 139, 914213
What are the prime factors of 53544195?
3, 5, 1189871
List the prime factors of 1707130866.
2, 3, 7, 1873, 21701
What are the prime factors of 22802566?
2, 97, 117539
What are the prime factors of 94045159?
13, 7234243
What are the prime factors of 25712381?
17, 1512493
List the prime factors of 59475894.
2, 3, 17, 59, 9883
List the prime factors of 1857833513.
439, 4231967
What are the prime factors of 273379462?
2, 29, 4713439
What are the prime factors of 407580806?
2, 10687, 19069
What are the prime factors of 5650516859?
13, 33435011
What are the prime factors of 1050646312?
2, 3371, 38959
What are the prime factors of 11155658?
2, 421, 13249
What are the prime factors of 2014557594?
2, 3, 7, 1873, 25609
What are the prime factors of 2471624429?
89, 101, 274961
List the prime factors of 589078355.
5, 117815671
What are the prime factors of 325272123?
3, 11, 3285577
List the prime factors of 181359762.
2, 3, 30226627
What are the prime factors of 98004098?
2, 49002049
List the prime factors of 211885307.
233, 909379
What are the prime factors of 324315392?
2, 17, 74521
What are the prime factors of 9497273?
61, 155693
List the prime factors of 52989301.
5861, 9041
What are the prime factors of 236862512?
2, 19, 53, 61, 241
What are the prime factors of 142976210?
2, 5, 13, 1099817
List the prime factors of 7708865296.
2, 11, 89, 181, 2719
What are the prime factors of 623993996?
2, 47, 3319117
What are the prime factors of 270362606?
2, 135181303
List the prime factors of 4502376330.
2, 3, 5, 150079211
What are the prime factors of 4704276701?
2099, 2241199
List the prime factors of 10371208.
2, 47, 27583
List the prime factors of 384278128.
2, 13, 71, 26021
What are the prime factors of 564716779?
11, 4463, 11503
List the prime factors of 722792997.
3, 277, 96643
What are the prime factors of 137536348?
2, 34384087
List the prime factors of 22211022.
2, 3, 59, 62743
List the prime factors of 473913050.
2, 5, 13, 197, 3701
List the prime factors of 16977954.
2, 3, 7, 149, 2713
List the prime factors of 15453844.
2, 7, 547, 1009
What are the prime factors of 808173692?
2, 202043423
List the prime factors of 27476920.
2, 5, 29, 23687
List the prime factors of 4077782716.
2, 7, 145635097
List the prime factors of 65114648.
2, 8139331
List the prime factors of 1512301998.
2, 3, 19, 83, 277, 577
List the prime factors of 1185896953.
37, 499, 64231
List the prime factors of 138690124.
2, 89, 389579
What are the prime factors of 4002380391?
3, 37, 36057481
List the prime factors of 5016532076.
2, 19, 37, 607, 2939
List the prime factors of 230214018.
2, 3, 311, 123373
What are the prime factors of 521193623?
521193623
What are the prime factors of 1775988021?
3, 41, 43, 409, 821
List the prime factors of 33069016.
2, 101, 40927
What are the prime factors of 65504075?
5, 7, 13, 28793
What are the prime factors of 51600996?
2, 3, 167, 2861
What are the prime factors of 651180758?
2, 59, 1973, 2797
List the prime factors of 77875780.
2, 5, 277, 14057
What are the prime factors of 2902565453?
257, 823, 13723
What are the prime factors of 349738287?
3, 116579429
List the prime factors of 67350088.
2, 13, 313, 2069
List the prime factors of 317361204.
2, 3, 8815589
List the prime factors of 9400022002.
2, 7, 671430143
What are the prime factors of 2849055926?
2, 1237, 1151599
List the prime factors of 2974927584.
2, 3, 19, 181, 9011
What are the prime factors of 19269553?
19, 373, 2719
List the prime factors of 229831528.
2, 28728941
What are the prime factors of 619190609?
17, 2411, 15107
List the prime factors of 53003933.
1489, 35597
List the prime factors of 237758768.
2, 13, 1143071
What are the prime factors of 6426087991?
31, 207293161
What are the prime factors of 992143043?
992143043
List the prime factors of 592300982.
2, 7, 13, 1423, 2287
What are the prime factors of 2608042832?
2, 1811, 90007
List the prime factors of 183498820.
2, 5, 101, 90841
List the prime factors of 516424083.
3, 7, 23, 29, 229
What are the prime factors of 53528538?
2, 3, 7, 911, 1399
List the prime factors of 3191372083.
3191372083
List the prime factors of 198433352.
2, 13, 1908013
List the prime factors of 50988233.
331, 154043
What are the prime factors of 271721032?
2, 11, 3087739
List the prime factors of 276219688.
2, 89, 139, 2791
List the prime factors of 1135028104.
2, 7, 23, 881233
What are the prime factors of 9322227?
3, 31, 33413
What are the prime factors of 93108796?
2, 11, 17, 124477
List the prime factors of 181804351.
23, 631, 12527
What are the prime factors of 49232620?
2, 5, 1021, 2411
List the prime factors of 26612016.
2, 3, 554417
List the prime factors of 61117715.
5, 12223543
List the prime factors of 14336201.
11, 10771
List the prime factors of 35058648.
2, 3, 19, 76883
List the prime factors of 4165990222.
2, 2082995111
List the prime factors of 995552229.
3, 7, 37, 157, 8161
What are the prime factors of 55108167?
3, 18369389
What are the prime factors of 1150158552?
2, 3, 47923273
List the prime factors of 42810413.
43, 995591
List the prime factors of 12119827.
17, 23, 139, 223
List the prime factors of 293313179.
293313179
What are the prime factors of 1011475472?
2, 7, 277, 32603
What are the prime factors of 44971487?
11, 4088317
What are the prime factors of 53151232?
2, 103811
List the prime factors of 481888983.
3, 367, 439, 997
What are the prime factors of 755447?
7, 11, 9811
What are the prime factors of 137702112?
2, 3, 1434397
What are the prime factors of 50166865?
5, 7, 181, 7919
List the prime factors of 19273896.
2, 3, 89231
What are the prime factors of 43955580?
2, 3, 5, 571, 1283
What are the prime factors of 131416245?
3, 5, 2920361
What are the prime factors of 25815803?
13, 523, 3797
List the prime factors of 118976047.
17, 31, 61, 3701
List the prime factors of 4606949566.
2, 43, 53569181
What are the prime factors of 39559612?
2, 17, 107, 5437
List the prime factors of 46961172.
2, 3, 1304477
What are the prime factors of 3202492670?
2, 5, 13, 53, 464803
What are the prime factors of 35547837?
3, 13, 307, 2969
What are the prime factors of 490420994?
2, 7, 35030071
What are the prime factors of 51757278?
2, 3, 59, 293, 499
What are the prime factors of 32618976?
2, 3, 13, 59, 443
List the prime factors of 172949777.
7, 11, 13, 113, 139
List the prime factors of 40678543.
157, 259099
What are the prime factors of 78699186?
2, 3, 4372177
What are the prime factors of 2063520195?
3, 5,